e units digit of s?
6
Suppose -4*o = -4*r + 404, -8*r + 4*o = -6*r - 196. What is the tens digit of r?
0
Let o(b) = b**3 + 17*b**2 - 20*b - 8. Let c be o(-14). Suppose -4*d - 160 = -c. Let r = -120 + d. What is the units digit of r?
5
Let k = 12 - 21. Let t(v) be the first derivative of -v**3/3 - 11*v**2/2 + v - 3. What is the tens digit of t(k)?
1
Let z(d) = -35 + 15 + 10*d + 11 + 6. What is the tens digit of z(4)?
3
Let g be (10 + -2)*(-4)/(-16). Let o be (g/(-7))/(7/(-98)). Suppose -2*b - w + 0*w + 70 = 0, -4*b + o*w = -140. What is the units digit of b?
5
Let x(k) = -15*k**2 - 7*k + 0 - 13*k**2 - 1 + 27*k**2. Let u be x(-6). Let f(h) = -h + 13. What is the units digit of f(u)?
8
What is the units digit of 2/12 + 367763/402?
5
What is the units digit of (-11 - -2)/(3/(-327))?
1
Let m be ((-260)/(-14))/(301/49 + -6). Let q = m + -92. What is the units digit of q?
8
Suppose -4*o = -14*o + 7970. What is the units digit of o?
7
Let u = -35 - -12. Let k = -14 - u. What is the units digit of k?
9
Suppose -4*n + 3*n = -5. Suppose 0 = -9*h + n*h + 212. What is the units digit of h?
3
Suppose 0 = -p + 5, 3*w - 7*p - 1849 = -3*p. What is the hundreds digit of w?
6
Suppose -5*l = -2*l. Suppose -v - v + 4 = l. Suppose -11 = -v*u + 35. What is the tens digit of u?
2
Let c be (-182)/(-9) + 336/(-54) + 6. What is the units digit of 84/c - 4/(-5)?
5
Let y = -58 - -34. Let b = -22 - y. Suppose 2*t = 5*f + 55, 220 = 3*t + b*t + 4*f. What is the units digit of t?
0
Let w(p) = 146*p**2 - 69*p + 411. What is the units digit of w(6)?
3
Let m = 950 + -172. What is the tens digit of m?
7
Let z be (2/(-4))/((-7)/56). Suppose -z*q + 11*q - 826 = 0. What is the hundreds digit of q?
1
Let j be (-21)/4*736/(-12). Let p = j + -157. Suppose -2*u = 3*u - p. What is the units digit of u?
3
Let h be (-29)/(2/32*(6 + -8)). Let k = -83 + h. What is the hundreds digit of k?
1
Let r(h) = h**3 + 42*h**2 + 33*h - 84. What is the tens digit of r(-41)?
4
Let n = -97 - -94. What is the tens digit of (n/(24/(-158)))/((-2)/(-8))?
7
Let p = 856 - 587. What is the hundreds digit of p?
2
Suppose -525 - 103 = -4*h. What is the units digit of -2*h/(-4)*2?
7
Let d(p) be the second derivative of p**4/6 + 3*p**2 - 4*p. Let w(y) be the first derivative of d(y). What is the units digit of w(12)?
8
Let i(b) = 9*b + 74. What is the units digit of i(12)?
2
Let k be (-122 + -2)*2/(-4). Suppose k = 5*i - 43. What is the units digit of i?
1
Suppose 96 = 7*p - 30. Suppose -252 = -5*f + p. What is the units digit of f?
4
Let u be 3/1 + 0 + 1. Suppose 3*y = v - 12, v - u*v + y = -20. Suppose -4 - 8 = -v*l. What is the units digit of l?
2
Suppose l + 2*m - 3097 = -2*l, 0 = 4*m + 4. Suppose -3*t = -l - 1532. What is the tens digit of t/60*(-8)/(-3)?
3
Suppose -1525 = -2*o + 3*h, 3840 = 5*o - 8*h + 6*h. What is the tens digit of o?
7
Let a(g) = 7*g - 1. Let m be a(1). Let b = m - -12. What is the tens digit of b?
1
Suppose 3*s + 7 = 2*h + 4*s, -h - 3*s = 4. Suppose h*d - d - 280 = 0. What is the units digit of d?
0
Suppose b + 3*o + 1 = 0, -4*b + 28 = 3*o + 5. Suppose -b*m = -15*m + 343. What is the units digit of m?
9
Let v(y) = 17*y**3 - 2*y**2 + 3*y + 1. Let t be v(3). Suppose -6*c = -29 - t. What is the tens digit of c?
8
What is the hundreds digit of 236/(-12)*(-1212)/4?
9
Suppose -c - 8 = -3*c - 4*k, 3*c + 4*k = 10. Suppose c*f + 6*f - 1160 = 0. What is the units digit of f?
5
Let h(v) = -533*v + 334. What is the hundreds digit of h(-7)?
0
Let r(k) = -k**3 - k**2 + 2*k + 111. Let l be r(0). Suppose 2*v = -3*q - 2 + 81, -3*q = -3*v + l. What is the units digit of v?
8
Suppose -u + 147 + 32 = 0. Let c = -6 + u. What is the tens digit of c?
7
Suppose -2*k + 85 = 5*m - 703, -k - 2*m + 394 = 0. What is the hundreds digit of k?
3
Let x(n) = n**3 + 10*n**2 - n - 1. Let i be x(-10). Suppose 14*f = i*f + 20. Suppose 0 = 5*v + 5, 2*v + 2*v - 144 = -f*c. What is the tens digit of c?
3
Let q = 3339 + -2149. What is the tens digit of q?
9
Suppose -1626 = 77*z - 80*z. What is the units digit of z?
2
Suppose 3*f + 2050 = 13699. What is the units digit of f?
3
Suppose 338 + 70 = 12*x. What is the tens digit of x?
3
Suppose 8619 + 4347 = 5*p + 4*m, -5192 = -2*p - 3*m. What is the tens digit of p?
9
Suppose 2*i = 4, 25 = -2*g - 5*i - 21. Suppose -m - 6 = -2. What is the units digit of (-120)/g - m/(-14)?
4
Let x = -6 + 9. Suppose 18 = x*c - 0*c. Suppose 5*r - c = v - 0*v, -v = -3*r - 4. What is the tens digit of v?
1
Suppose p + 140 = 5*p. Let o = p - -15. What is the tens digit of o?
5
Suppose -2*o - 4*o + 30 = 0. Suppose g - 5*u = 64, g - 2*u + o = 84. What is the tens digit of g?
8
Let i = -1915 + 2879. What is the units digit of i?
4
Let r(p) = -27*p - 175. What is the tens digit of r(-51)?
0
Let j be ((-2)/8*-58)/((-1)/10). Let b = j + 261. What is the units digit of b?
6
Let r(j) = j**3 - 11*j**2 - 20*j + 12. What is the units digit of r(13)?
0
Suppose r + 8*b - 7*b - 585 = 0, 5*r - 2*b = 2897. What is the tens digit of r?
8
Let y = 32 - 142. Let m = y - -178. What is the units digit of m?
8
Let n = 743 + -304. What is the hundreds digit of n?
4
Let c = 6 + 2. Let q(l) = l**3 - 7*l**2 - 5*l - 11. Let d be q(c). Suppose d - 169 = -4*z. What is the units digit of z?
9
Let a(g) = 49*g + 5. Let u be 3*(5 + -6) + (-1 - -5). What is the tens digit of a(u)?
5
Suppose -992 = -5*x + 348. Suppose 3*w - 311 - x = 0. What is the hundreds digit of w?
1
Suppose 4*s + 5*p = 22771, 49*p = 4*s + 46*p - 22747. What is the hundreds digit of s?
6
Let m = -5 - -8. Suppose y - m*y + 8 = 0. What is the tens digit of y + -1 + 20/1?
2
Suppose 4 = k - 3*k - 3*o, 3*o + 28 = 4*k. Suppose -5*a = -4*t + 10, 10 = 2*t + 2*a - k. What is the units digit of t?
5
What is the units digit of 1039 + -2 + -10 + -6?
1
Let g = 19 - 8. Suppose -107 = -q - g. What is the tens digit of q?
9
Let b = -12 - -21. Suppose -4*d + 5*h + 71 = -d, 2*h - b = -d. What is the tens digit of d?
1
What is the thousands digit of 56/(-40) + 1 + (-57274)/(-35)?
1
Suppose 9*t - 1914 = 1281. What is the units digit of t?
5
Suppose 4*z - 8*z + 3*n + 33 = 0, 2*n - 10 = 0. Suppose -4*g = -z - 0. Suppose 0 = g*q - 9 - 48. What is the units digit of q?
9
Suppose -28 = -4*s - 3*g + 6, -s + 15 = 4*g. Suppose s*o - 684 - 65 = 0. What is the hundreds digit of o?
1
Suppose 5*f + 10 = 30. Suppose 4*b = -2*c + 656, f*c + 5*b - 1282 = 27. What is the tens digit of c?
2
Let p = 70 - -5. What is the units digit of p + -2 + -4 - -4?
3
Let d be (-5)/((-40)/(-108))*(1 + -11). Suppose 814 = 7*k + d. What is the units digit of k?
7
Suppose 0 = -3*x + 4*y + 11721, 2*y - 2850 = -5*x + 16685. What is the thousands digit of x?
3
Let t = 204 - 211. Let l(d) be the first derivative of d**2/2 + 12*d - 1. What is the units digit of l(t)?
5
Suppose -4*i + y = -131, 2*i = y - 3*y + 68. Let q = -76 - -47. Let n = i + q. What is the units digit of n?
4
Suppose 0 = -214*j + 218*j - 1160. What is the units digit of j?
0
Suppose 55 - 54 = o. What is the units digit of 1*(-179)/((o + 2)/(-3))?
9
Suppose f + 4*a - 49 = 0, -4*a = -8*f + 3*f + 269. Let m = 113 - f. What is the tens digit of m?
6
Let u(v) = 310*v - 1. Let w be u(1). Suppose 2*r - 15 = -3*r, -r - w = -4*f. Suppose 4 = z + 5*j - 34, 5*z - 3*j - f = 0. What is the tens digit of z?
1
Suppose -4*f - f = -10. Suppose f*b = -2*b + 176. What is the tens digit of b?
4
Let f be (2/6)/((-8)/(-648)). Let q = f - 20. What is the units digit of q?
7
Suppose 0 = -4*i - 3*s + 145, -s + 184 = 5*i - 0*s. Suppose -2*j + 0*j - 4*q = -2, 0 = -4*j + 3*q + i. Let t = j - -4. What is the units digit of t?
1
What is the tens digit of 2 + (97 - 14/7)?
9
Let o(j) = -j**2 - 10*j + 6. Let m be o(-9). Suppose -2*c + m + 53 = -2*q, c + 3*q - 34 = 0. What is the units digit of c?
4
Suppose 237*u - 11232 = 234*u. What is the thousands digit of u?
3
Suppose -121*z + 116*z - 70 = 0. Let s = z + 26. What is the tens digit of s?
1
Let r be (-3 - -1)*127/2. Let j = -79 - r. What is the tens digit of j?
4
Suppose 4*s + 2543 - 7957 = -3*n, -4*s = 4. What is the units digit of n?
6
Let z(j) be the second derivative of -j**3/3 - 15*j**2/2 - 6*j. Let y(k) = -k**2 - 6*k + 6. Let g be y(-8). What is the units digit of z(g)?
5
Suppose p = -4*n - 0*p + 313, -3*n - 3*p = -246. Suppose -n*u